- 3*l**2/2 + 6*l - 31. What is t(5)?
16
Let a(r) = r + 3. Let z(f) = 0*f + 2*f + 0 - 4*f - 5. Let l(u) = 11*a(u) + 6*z(u). Calculate l(5).
-2
Let x(t) = t**2 - 5*t + 4. Let k = 4 + 1. Suppose 5*h = 3*y - 6 - 5, 15 = 5*y - k*h. Suppose -2 = -y*z + 4*r, 5*z - 4*r = -0*z + 11. Give x(z).
-2
Let z(y) be the third derivative of y**4/24 + y**3/6 + 3*y**2. What is z(2)?
3
Let g be (3/(-2) - 1)*-2. Suppose -d = -g*d. Let v(j) = j - 9. Calculate v(d).
-9
Let d(w) be the third derivative of 1/24*w**4 - 1/12*w**5 + 0*w + 4*w**2 + 0 + 1/120*w**6 + 0*w**3. What is d(5)?
5
Let q be 1/((-3)/18*-2). Let u(v) = -v + 8*v - 6 + q. What is u(2)?
11
Let p = 33 - 28. Let s(o) = o**3 - 6*o**2 + 7*o - 2. Calculate s(p).
8
Let c(g) be the first derivative of 0*g**2 - 2 + 1/360*g**6 - 1/24*g**4 - g**3 + 1/30*g**5 + 0*g. Let k(l) be the third derivative of c(l). Give k(-5).
4
Let p(y) = -7*y - 3. Let k(m) be the third derivative of m**4/24 + 7*m**2. Let a(q) = -5*k(q) - p(q). What is a(-6)?
-9
Let d(m) be the first derivative of -13*m**4/12 - m**3/6 - 7*m - 6. Let w(r) be the first derivative of d(r). Calculate w(1).
-14
Let h(t) = t**2 + 4*t - 6. Let o = -77 + 71. Give h(o).
6
Let q(k) = 8*k - 9*k - 5 + 5 - 2. Give q(-6).
4
Let a(h) = 2*h**2 + 3*h + 3. Suppose 4*y - 116 = -0*y. Let z = y + -21. Suppose 2*f + z = 0, -3*u + u + f = 0. Calculate a(u).
5
Let r(a) = a**2 + 4*a + 7. Let n be (-2 + -8)*((-33)/(-6) + -5). Calculate r(n).
12
Suppose -4*v - 2 = -6*v. Let a = v - 4. Let i be 1*a/((-3)/(-1)). Let c(o) = 8*o + 1. Give c(i).
-7
Let n(m) be the first derivative of 4*m**3/3 - m**2/2 - 6*m - 7. Let w(t) = 7*t**2 - 3*t - 11. Let x(c) = 5*n(c) - 3*w(c). What is x(6)?
-9
Let u(o) = o + 3*o**3 + 3*o**2 + 5 - 8*o**2 + 2*o - 2*o**3. Calculate u(5).
20
Let x(j) = -j**2 - 6*j - 3. Suppose -4*m - 5*g - 21 = 0, -2*m + g = 6*g + 13. Calculate x(m).
5
Let d(y) = 2 + y + 9 - 14 - y**2. Calculate d(0).
-3
Let q(l) = -l**3 - l**2 - 2*l - 1. Let c(u) = 5*u**3 - u**2 + 2*u - 1. Let p be c(1). Suppose p = 5*t - 5. Suppose 0 + 2 = -t*v. Calculate q(v).
1
Let w(j) be the second derivative of -j**4/12 - j**2/2 + 21*j. Calculate w(-3).
-10
Suppose 0 = c + c + 8. Let j(d) = d**3 + 5*d**2 + 3*d - 5. Let x be j(c). Let u(y) = -2*y + 1. Give u(x).
3
Let f(u) = -2*u**3 + 1 - 3*u + u + 5*u**2 + 3 + u**3. Suppose -4*o = 5*g, 4*g - g = o. Suppose 4*m + o*m = 20. Determine f(m).
-6
Let g(y) be the first derivative of -y**4/4 + 5*y**3/3 - y**2 - 1. Let f(q) = q**2 + 21*q + 24. Let d be f(-20). Give g(d).
8
Let j be ((-6)/21)/(2/(-14)). Let z(a) = -2 - 12*a**j + 11*a**2 + 3 - 9*a**3. Give z(-1).
9
Let v(n) = -1 - 6 - 5 + n. Calculate v(6).
-6
Suppose 3*k + 0*o + o = 2, -2*k = -o + 7. Let c(m) = 4*m + 3. Let r(f) = -4*f - 2. Let j(n) = -3*c(n) - 4*r(n). What is j(k)?
-5
Let t(h) = 3*h**2 + 1. Let g be t(-1). Suppose 5*v + 3*j = j + 12, 0 = -2*v - g*j + 8. Let b(l) be the first derivative of -2*l**3/3 + 2*l - 1. Calculate b(v).
-6
Let p(o) = -o - 1. Let i(y) = -3. Let b(m) = -i(m) - p(m). Calculate b(6).
10
Suppose -p = -3*p. Let w(y) = y + 3 - 2*y + p*y. Let h be -1*((-700)/182 + 2/(-13)). Determine w(h).
-1
Suppose -3*q - 1 - 2 = 0. Let l(o) = -7*o**2 - 2*o - 1. Calculate l(q).
-6
Let r(d) = 5*d - 4. Let j(q) = 14*q - 12. Let p(f) = 3*j(f) - 8*r(f). Give p(3).
2
Let f(d) = -d**2 - 4*d - 1. Let l be (-4)/(4/3)*1. Determine f(l).
2
Let c(i) be the third derivative of -i**4/24 - i**3/3 + i**2. Let d = -11 - -11. Suppose -3*q - 2*q + 10 = d. Calculate c(q).
-4
Let w(x) = -x - 7. Let n(p) = -p**3 - 8*p**2 - 8*p + 3. Let c be n(-7). Let b = c + -10. Give w(b).
-7
Let w(d) = d**2 + 4*d - 8. Suppose 12*o + 0*o = -72. What is w(o)?
4
Let w be -2*(-3)/(-12)*-4. Suppose 2*y = 3*y - w. Let q(i) = 4*i**2 - 3*i + 3. Calculate q(y).
13
Suppose 0 = -m + 5*m + 20, -23 = -g + 4*m. Let r be -1*(-6)/g + 2. Let d(o) = o**2 - 7*o + 5. Determine d(r).
-7
Let v(x) = -x**2 + 9*x + 3. Suppose -6*t + 24 + 24 = 0. What is v(t)?
11
Let t be 1*(1 - -1)*1. Suppose 6 + t = -4*q. Let z(w) = 0 + 2*w**2 + 4*w + 2 + w**3 + 0*w. Give z(q).
-6
Suppose 2*x = -1 - 9. Let i(c) = 4*c. Calculate i(x).
-20
Let q(l) = 2*l - l + 12 - 13. Calculate q(7).
6
Let g(o) = -6*o - 7 - o**2 + 2*o**2 + 3*o. Suppose 0 = -5*f - 3*v + 35 - 14, -9 = -4*f - 5*v. Determine g(f).
11
Let x(o) = -53*o - 6 + 23*o + 23*o - o**2. Calculate x(-5).
4
Let i = -2 + 4. Let u(d) = -3 - i + d**2 + 2*d + 4. Calculate u(-4).
7
Suppose 4*n = -0*n - 4*l + 36, -3*n + l = -11. Let s(p) = -p + 2*p**3 + 0*p**3 - 3 + 4*p**3 - 5*p**3 - 5*p**2. Calculate s(n).
-8
Let t(n) be the third derivative of n**6/120 + 7*n**5/60 + n**4/3 + 4*n**3/3 + 65*n**2. What is t(-6)?
-4
Let i(a) = -a - 1. Let d(b) = b**3 - 7*b**2 + 7*b - 8. Let w(r) = d(r) - i(r). Calculate w(6).
5
Let m be 2*(-14)/(-8)*2. Let a(j) = 2*j - 10. Give a(m).
4
Let a(r) = 36*r**2 - 21*r**2 + 1 - r**3 - 12*r**2 + 3*r. Calculate a(4).
-3
Suppose -4*s + z = -5, 4*s - 2*z = -4 + 6. Suppose 2*u + 0 = 4. Let v(c) = -2*c**3 + 2*c**2 + 2 + 4 - 2 - u. Determine v(s).
-6
Let a(m) = 6*m - 1. Let v be a(1). Let f(r) be the second derivative of -r**4/12 + 5*r**3/6 + 11*r. Calculate f(v).
0
Suppose -3*n = -n + 2. Let k be (14/(-2))/n - 0. Let b(r) = 7 - k + r. Calculate b(-4).
-4
Let g(j) = 8*j**3 - j + 1. Suppose -4*m = 3*d - 16, 4*m - 3*d = -d - 4. Determine g(m).
8
Let o(i) = -i**2 - 7*i - 1. Let l(a) = -a**2 - 2*a. Let k be l(2). Let n = 3 + k. Calculate o(n).
9
Let l(m) = -8*m**3 - m**2. Let b(t) = -t**2 + t - 1. Let p be b(0). Calculate l(p).
7
Let p(l) = l**3 + l**2 + l + 2. Let f = 17 + -3. Suppose 2*i - 12 = -4*r, 0*i - f = -5*r - 3*i. Suppose -2 = 3*n + r. Determine p(n).
-4
Let x(g) be the first derivative of -g**3/3 - 7*g**2/2 + 6*g + 46. What is x(-6)?
12
Let m(p) = -p - 12. Let l be m(-5). Let b(q) = q + 6. Calculate b(l).
-1
Let u(j) = -10*j + 5. Let i(n) = -3*n + 2. Let s be (-6)/9 + 8/(-6). Let x(y) = s*u(y) + 7*i(y). Give x(5).
-1
Suppose -1 = -3*u + 5. Let v(d) = 5*d + 4 - 2*d**2 - 7*d + 4 - 6. Calculate v(u).
-10
Let y(w) = w**2 + 2*w. Suppose 19 = -4*o - 3*l, o + 3 + 13 = -3*l. Calculate y(o).
-1
Let q = -6 - -9. Let n(a) = 5*a**2 - a - 2. Let s be n(2). Suppose w + q*m = -w - 2, -4*m = s. Let j(c) = c**3 - 4*c**2 - 4*c - 3. Calculate j(w).
2
Let x(f) be the second derivative of -f**6/360 + f**4/6 - f**3/2 + 2*f. Let h(k) be the second derivative of x(k). What is h(0)?
4
Suppose 2*t = -4*r + r + 27, -4*r + 20 = 0. Let f(z) = -z + t + 4*z - 2*z. Let b be (-2)/6 + (-126)/27. Give f(b).
1
Let g(l) be the third derivative of -1/12*l**4 + 0*l**3 + l**2 + 0*l + 0. Determine g(3).
-6
Let c(z) = 1 - 3*z + z - z**2 + 7*z**2. Let i = -4 - -4. Let q = 1 + i. What is c(q)?
5
Let a be (-39)/(-5) + 2/10. Let z(u) = u**2 - 8 + a - u. Calculate z(3).
6
Let v(y) = 5*y**3 + 3*y**2 - 4*y + 5. Let u(c) = -4*c**3 - 2*c**2 + 3*c - 4. Let o(h) = -3*u(h) - 2*v(h). Calculate o(2).
16
Suppose -h = 3*d + 41, 4*d + 2*h = 4*h - 58. Let p = -8 - d. Suppose -6 = 3*a - p*a. Let x(v) = 2*v**2 - v - 2. Calculate x(a).
4
Suppose -3*b - 1 + 28 = 0. Let t be (-3)/b - 2/3. Let q(p) = -5*p. Let g be q(t). Let z(k) = k**2 - 2*k - 5. Give z(g).
10
Let v = 30 - 26. Let t(s) = s**2 - s - 1. Let f be t(-2). Let b(y) = -y**3 - 2 - 5*y**3 - 2*y + f*y**3 + 5*y**2. What is b(v)?
6
Let r be (3/(-1) + 3)/1. Suppose -3*q - q - 12 = r, 0 = 2*x - 4*q - 18. Let k(f) = 4 - f**x - 1 - 5 + 2*f**3. What is k(2)?
6
Let n(k) = -k**3 - 7*k**2 - 5*k + 3. Suppose -9*x = -4*x + 30. Calculate n(x).
-3
Let y(t) = -t**3 + 3*t**2 - t - 1. Suppose 3*v - 3*i - 2 = 1, 10 = 4*v + 2*i. Let j be y(v). Let x = j + -2. Let f(z) = 9*z + 1. Give f(x).
-8
Let g(l) = -3*l + 5. Let b(a) = -a. Let d be b(10). Let m(o) = -2*o + 3. Let i(y) = d*m(y) + 6*g(y). What is i(-3)?
-6
Let f = 2 + -16. Let s = -20 - f. Let w(g) = -g**2 - 6*g + 4. Determine w(s).
4
Let k(l) = -4*l + 1. Suppose -2*c + 98 = -5*y, 0 = -2*y - 2*c - 3*c - 45. Let n be y/5 + 1 + 5. What is k(n)?
-7
Let l(h) = 2*h - 2. Let y(t) = t + 1. Let f(w) = 2*l(w) - 2*y(w). What is f(6)?
6
Suppose 3*o - 39 = j, 8*o + 3*j = 3*o + 79. Let l = 10 - o. Let c(h) = -2*h + 7. Let f(u) = -u + 6. Let i(p) = 3*c(p) - 4*f(p). Give i(l).
5
Let h(z) = -z**2 + 5*z + 7. Let w be h(6). Let p = 3 + -2. Let s(x) = -p + x + x**2 + x**2 - x**2 + x**3. Calculat